3*p**3 + 1/24*p**4. Calculate the remainder when 62 is divided by h(2).
14
Let s be (-258)/14 - (-42)/98. Let x be (-724)/(-30) - s/(-135). Suppose 2*k = x + 54. What is the remainder when k is divided by 7?
4
Let s(w) = 2*w + 93. Calculate the remainder when s(6) is divided by 42.
21
Suppose -64 = 5*j - 2*w + 84, 3*w - 57 = 2*j. Let h = 40 + -4. What is the remainder when (-50)/3*h/j is divided by 7?
6
Suppose 10*u - 5*u + 320 = 2*i, 4*u = -3*i + 457. Suppose -3*f - 5*b = -0*b - 245, -2*f + i = 5*b. Calculate the remainder when f is divided by 23.
21
Let g = 571 + -544. What is the remainder when 1402 is divided by g?
25
Let o(q) = -2*q - 1. Let n(v) = 17 - v - v + 2 + v. What is the remainder when n(8) is divided by o(-4)?
4
Let f be ((-8)/(-6))/(10/15). Suppose -s - f + 4 = 0. Suppose 17 = -s*v + 71. Calculate the remainder when v is divided by 14.
13
Let q(d) = 2*d**2 - 7*d - 7. Calculate the remainder when q(6) is divided by (704/132)/(4/6).
7
Let p(o) = o**2 + 4*o. Let r be p(-4). Suppose 0 = -v, -l + r*l + 4*v + 135 = 0. What is the remainder when l is divided by 34?
33
Suppose 2*d + 8 = 3*x + 1, 2*d - 33 = -5*x. Suppose -173 = -x*y + 197. Calculate the remainder when y is divided by 15.
14
Let c = 792 + -796. Suppose -3*r + 36 = -0*r. Let p = c + r. Calculate the remainder when 20 is divided by p.
4
Let w(y) = -y - 1. Let k be w(-11). Suppose -v - 4*v = k. Calculate the remainder when 78 + 2/2*v is divided by 26.
24
Suppose 5*l - 4*r = 20, 2*l - 8 = -3*r - 0*r. Suppose -l = -y - 1. Suppose -y*j + 80 = -85. What is the remainder when j is divided by 14?
13
Calculate the remainder when 67 is divided by 3/(-6) - (-87)/6.
11
Suppose 4*c - 23 - 21 = 0. Let f(d) = -6*d**3 - d**2 - 3. Let g(t) = -t**3 - t. Let l(x) = f(x) - g(x). What is the remainder when l(-2) is divided by c?
9
Suppose -2*k - k - 3*i + 33 = 0, -2*k - 4*i = -26. Let n = k + 15. What is the remainder when 45 is divided by n?
21
Let q = -1412 - -1546. Calculate the remainder when q is divided by 133.
1
Let m(c) = 2*c**2 + 5*c - 7. Calculate the remainder when m(2) is divided by 8.
3
Let i(x) = -x**3 + 7*x**2 + 7*x + 5. Let z be i(8). Let w = z - -9. Suppose 7*b - w*b = 8. Calculate the remainder when b is divided by 6.
2
Let w(m) = 12*m**2 - m + 466. Calculate the remainder when w(0) is divided by 18.
16
Suppose 787 = 13*f - 175. What is the remainder when f is divided by 41?
33
Suppose 4*v + 2*m + 128 = 0, -3*v - 154 = 2*v + 4*m. Let k = v + 50. Suppose -2*c + 183 = c. What is the remainder when c is divided by k?
13
Let i be (-2*1/6)/((-1)/12). Suppose -i*o - 91 = -w, 5*o = 3*w - w - 185. Suppose 31 + 17 = 2*s. Calculate the remainder when w is divided by s.
23
Let u be -1 + (-1)/(0 - 1/(-4)). Let g(b) = 3*b**2 + 11*b - 3. What is the remainder when 26 is divided by g(u)?
9
What is the remainder when (3 + 28)/(27/621) is divided by 3?
2
Let m = 249 + -97. Let q = -1080 + 1111. What is the remainder when m is divided by q?
28
Suppose 3*q + 3*v = -2*v + 184, 4*v = -5*q + 298. Suppose -q*a - 36 = -60*a. What is the remainder when 89 is divided by a?
17
What is the remainder when -654 + 655 + (-131 + 1)/(-1) is divided by 17?
12
Let r(d) = d + 25. Calculate the remainder when r(13) is divided by 31.
7
Suppose 2*i + 20 = 6*i, y = 4*i - 10. Calculate the remainder when (20/(-3))/(y/(-30)) is divided by 11.
9
Suppose -a + 113 = 2*d, 3*a - 6*a - 221 = -4*d. Let l = d - 37. What is the remainder when (31 - 1)*(-6)/(-5) is divided by l?
17
Let d(f) = f**3 - 3*f**2 - f + 4. Let s be d(3). Let i = s - 13. What is the remainder when 26 is divided by (-9)/i + (-53)/(-4)?
12
Let c(r) = -10*r**3 + 2*r**2 - 2*r - 2. Let y be c(2). Calculate the remainder when (y/9)/(2/(-18)) is divided by 20.
18
Suppose -3*p + 8*p = 20. Suppose -c + 0 = p. What is the remainder when c/10 + 6140/100 is divided by 16?
13
Let r be (-63)/(-36) + (-2)/(-8). Suppose 4*q - 3*j - 488 = -119, -281 = -3*q - r*j. What is the remainder when q is divided by 32?
29
Suppose 0 = 85*c - 80*c - 25. Suppose 4*p - 53 = 3*n - 12, 0 = 3*p - 3*n - 33. Suppose p*d - 5*d = 54. What is the remainder when d is divided by c?
3
Suppose -10 + 1495 = 15*w. What is the remainder when w is divided by 43?
13
Let m(x) = x**2 - 27*x - 20. Let p be 0 + 2 - (5 + -8). Suppose 10*o - p*o = 105. What is the remainder when o is divided by m(28)?
5
Suppose -20 = -5*t + 10. Suppose -160 = -7*q + 3*q. Calculate the remainder when q is divided by t.
4
Let c(f) be the third derivative of 11/6*f**3 + 0*f + 1/60*f**5 - 5/12*f**4 + 0 + 3*f**2. What is the remainder when c(10) is divided by 4?
3
What is the remainder when ((-25)/(-225))/(2/(-114))*-33 is divided by 42?
41
Let y = -221 - -215. Let p(d) = -13*d + 19. Let r(n) = -6*n + 10. Let m(u) = 3*p(u) - 5*r(u). Calculate the remainder when m(y) is divided by 21.
19
Suppose -4*z + 328 = 5*a, 0*a - 3*a + 5*z = -219. What is the remainder when a is divided by 18?
14
Let v(u) be the second derivative of -8*u**3 - 6*u**2 + 12*u. Let i be v(13). What is the remainder when 19 is divided by 2/5 + i/(-60)?
8
Suppose -13*d + 2280 = -3*d. Calculate the remainder when d is divided by 13.
7
Suppose 41*s - 42*s = 169. Let k = -130 - s. Calculate the remainder when k is divided by 14.
11
Suppose 5*u + 3*c - 20 = -2*c, 0 = u - 3*c. Let r be 0 - (2 - u - 47). Suppose -a = a - r. Calculate the remainder when 46 is divided by a.
22
Let v(c) = c**2 - 3*c + 1. Let q = -1806 + 1812. Calculate the remainder when q is divided by v(4).
1
Suppose 266*l = 255*l + 3355. What is the remainder when l is divided by 28?
25
Let j = 58 - 83. Calculate the remainder when (0 + 92/10)/((-10)/j) is divided by 8.
7
Let u(v) = 31*v - 12. Let g be u(2). Suppose -9*w + 157 + g = 0. What is the remainder when 158 is divided by w?
20
Calculate the remainder when 113 is divided by 2/4*(134 + -16).
54
Let i = 34 + -24. Let t(x) = x**3 + 14*x**2 - 32*x + 3. Let c be t(-16). Suppose q = -c + i. What is the remainder when q is divided by 4?
3
Let f(g) = 28*g - 107. What is the remainder when f(7) is divided by 10?
9
Suppose -2*s - 25 = -3*s. Suppose 3*o = s + 8. Calculate the remainder when 31 is divided by o.
9
Suppose 0 = -3*q - 2*v + 6*v + 37, -4*q = v - 24. Let d be 4/((-8)/(-18)) - 1. Let j = d + -5. What is the remainder when q is divided by j?
1
Let x(a) = -18*a**3 + 2*a**2 - 1. Let y be x(-1). Suppose -3*u + 11 + 0 = -z, -y = -z - 3*u. Calculate the remainder when 41 is divided by z.
1
Let n be 6/(-8) - 390/24. Let w(k) = -k**2 - 18*k - 4. Calculate the remainder when w(n) is divided by 3.
1
What is the remainder when (-682)/(-7) + (-93)/21 + 4 is divided by 27?
16
Let k = -320 - -345. Let c = 54 - 8. Calculate the remainder when c is divided by k.
21
Let z be 1 - 2/(2/3). What is the remainder when 80 is divided by (z/(-2))/((-1712)/344 + 5)?
37
Let p(i) = -i**2 + i. Let u(b) = -b**3 + 14*b**2 + 12*b - 6. Let c(n) = -5*p(n) - u(n). What is the remainder when c(11) is divided by 32?
29
Let r = -58 + 92. Suppose 78 = 7*l - r. What is the remainder when l is divided by 9?
7
Let j = 113 - 42. What is the remainder when 221 is divided by j?
8
Suppose -282 + 1392 = -6*o. Let w = -104 - o. Calculate the remainder when w is divided by 28.
25
Let v = -81 - -162. Suppose b - z = 27, 0*z + v = 3*b + 3*z. What is the remainder when 50 is divided by b?
23
Let d(c) = c**3 - 8*c**2 + 10*c - 4. Let a = -162 - -193. Calculate the remainder when a is divided by d(7).
14
Let o = -2180 - -2201. Suppose 4*v - 33 = 3. Calculate the remainder when o is divided by v.
3
Let i(f) = 15*f + 1. Let s(k) = -23*k - 2. Let n(q) = -8*i(q) - 5*s(q). Let z = 4 - -18. What is the remainder when n(-8) is divided by z?
20
Calculate the remainder when 2/(-16) + -11 + 2651/88 is divided by 8.
3
Let w = -64 + 158. Suppose -y + 3*m + 0*m = -29, 3*y - 101 = -5*m. Calculate the remainder when w is divided by y.
30
Suppose -39*b = -37*b - 258. What is the remainder when b is divided by 16?
1
Let f = 77 - 73. Calculate the remainder when 14 is divided by 36/(-2)*(f - 6)/4.
5
Suppose -6*a + 32 = 2*a. What is the remainder when 2/5*(95 - 0) is divided by (a - -8 - -4) + 4?
18
Calculate the remainder when 12/(318/(-336) + 1) - -5 is divided by 58.
55
Let c(y) = 4*y**2. Let r be c(1). Su